alculate t(v).
-7
Let o(s) = 10*s**3 + s. Let j be ((-1 - 0) + 0)/(-1). Suppose 0 = 4*z - j - 3. Calculate o(z).
11
Let m(h) = 5*h - 2. Let r(l) = l**2 + 3*l. Let d be r(-4). Let t = -6 + 4. Let k = t + d. Determine m(k).
8
Let w(q) be the second derivative of -2*q**2 + 3*q + 1/6*q**3 + 0. Give w(5).
1
Let k(b) be the first derivative of b**3/6 - 7*b**2/2 - 5*b - 4. Let z(w) be the first derivative of k(w). Determine z(3).
-4
Let x(m) = m. Let q = -4 - -6. Suppose -q*y = -y - 1. Let w be x(y). Let h(r) = -2*r**2 + 1. Give h(w).
-1
Let f = -7 - -6. Let b(y) = 2*y - 1. Calculate b(f).
-3
Let r = -34 - -36. Let q(g) be the first derivative of 2/3*g**3 + 0*g**2 - 2*g + 1. What is q(r)?
6
Let a be (-4)/(-7) - (-5 + 39/7). Let w(z) = z**3 - z**2 - 7*z + 4. Let j(b) = -b**3 + b**2 + 6*b - 3. Let t(f) = -6*j(f) - 5*w(f). What is t(a)?
-2
Let p(x) = x**2 + 5*x + 6. Let l be p(-4). Let m(y) = -3*y + 2*y**l - y - y - 3*y**2 - 4. Determine m(-4).
0
Let z(c) = 4*c - 2*c + 0*c - c + 5. Let w be (-12)/2*(-2)/3. Let h be (-7)/(-2) + 2/w. Give z(h).
9
Suppose -2*o = -3*h + 7, -o = 2*o - 3. Let m(t) be the second derivative of 1/6*t**h + 0 + 7/2*t**2 + 2*t. Calculate m(-3).
4
Let j(m) = m**3 + m**2 - 1. Let l be j(0). Let v = 5 + -9. Let w = v + l. Let d(g) = g + 4. What is d(w)?
-1
Let j(c) be the first derivative of 2 + 2 - 10 + 2*c**2. Suppose 4*d - 3*d = 1. What is j(d)?
4
Let m(d) = -9*d**2 + 10*d + 19. Let l(v) = -5*v**2 + 5*v + 10. Let a(t) = 11*l(t) - 6*m(t). Calculate a(-5).
-4
Let g(z) = 2*z**2 + 2*z - 1. Let n be (44/(-33))/(4/(-3)). Give g(n).
3
Let m(h) be the first derivative of h**5/120 - h**4/6 + 5*h**3/3 + 2. Let g(l) be the third derivative of m(l). Let d = -1 - -6. Give g(d).
1
Let z(w) = w**2 + 5*w - 3. Let v = 217 - 223. What is z(v)?
3
Let i(j) = 3*j**3 + 2*j**2 - 1. Let f(d) = 7*d - 86. Let v be f(12). Give i(v).
-17
Let d(c) = c - 3. Let n(t) = t - 6. Let w(y) = -7*d(y) + 4*n(y). What is w(-2)?
3
Let v(h) = 3*h**2 - 5*h - 5 - 4*h**2 - 2. Let k(a) = -a - 15. Let r be k(-9). Calculate v(r).
-13
Let b(i) = 4*i - 5*i + 4*i + 2*i. Give b(1).
5
Let i(a) be the first derivative of a**4/4 + 7*a**3/3 + 5*a**2/2 + 6*a - 51. Give i(-6).
12
Let y(q) be the second derivative of -q**3/6 + q**2/2 - 27*q. Calculate y(-5).
6
Suppose 0 = 2*j + i + 6, 3*i + 7 = -5*j - 6. Let x(c) = -c**2 - 6*c - 2. Give x(j).
3
Suppose 0 = 4*c + 54 - 14. Let v be 2/c + 24/(-5). Let s(l) = -l - 1. Determine s(v).
4
Let t(r) = -r**2 - 9*r - 3. Let v be t(-7). Let l(w) = -10 + 3*w - w + v. What is l(-2)?
-3
Let k = 11 + -5. Let v(o) be the third derivative of -o**5/60 + 5*o**4/24 + o**2. Determine v(k).
-6
Suppose -10*d + 14*d = -16. Let y(t) = -2*t + 5. Give y(d).
13
Let u = 4 - 1. Let x(h) = -5*h**3 + 2*h**2 + 5*h + 3. Let t(j) = -4*j**3 + 2*j**2 + 4*j + 2. Let g(p) = 4*t(p) - 3*x(p). Give g(u).
-7
Let s = -3 - -2. Let h(j) be the third derivative of j**4/6 - 2*j**2. Determine h(s).
-4
Let l(y) = 3*y - 2. Suppose -p + 0 = 5*d - 11, 2*p = 2*d - 2. Give l(d).
4
Let o(l) = -l**2 - 20*l - 26. Let a be o(-19). Let j(d) = d + 6. Calculate j(a).
-1
Let t(k) = k + 4. Let r be (-8)/48 + (-105)/18. Calculate t(r).
-2
Let a = 21 - 15. Let g(t) = t**2 - 7*t - 4. Calculate g(a).
-10
Let n(a) = -a + 10. Let i be n(5). Let u(k) be the first derivative of k**2 + 7*k + 1. Let c(y) = 2*y + 6. Let b(d) = i*u(d) - 6*c(d). What is b(1)?
-3
Let b(y) be the second derivative of -2*y**3/3 + 2*y**2 - 19*y. Calculate b(6).
-20
Suppose 0*v - 2*v = -3*c + 26, 4*v - 4*c + 44 = 0. Let l(q) = -7*q**3 - 6*q**2 + 14*q - 2. Let w(s) = -s**3 + s - 1. Let m(r) = -l(r) + 6*w(r). Give m(v).
3
Let n(t) = 4*t + 16. Let g(q) = -5*q - 17. Let p(f) = -5*g(f) - 6*n(f). Let h(s) = s + 5. Let v be h(-5). Let r = v + 5. Determine p(r).
-6
Let d(t) = t**2 - t. Let c(s) = -2*s**3 + 5*s**2 - 4*s - 1. Let y(x) = c(x) - 4*d(x). What is y(-1)?
2
Let u(v) = -v**3 + 4*v**2 - 2*v. Suppose -36 = -4*i - 4*d, 4*i - 2*d = d + 15. Let w be (-28)/(-6) + (-4)/i. What is u(w)?
-8
Let y(i) = -i**2 - 5*i + 2. Let n be -4*((-2)/(-4) + 1). Suppose 2*m + 0*m = -18. Let v be n/m*(-12)/2. What is y(v)?
6
Let f(j) be the third derivative of j**5/60 + 3*j**4/8 + j**3/6 - 16*j**2. Determine f(-9).
1
Let b(l) = l + 6. Let q(d) = -d**2 - 2*d - 5. Let w be q(0). Calculate b(w).
1
Let z(p) = -2*p**2 + p - 2. Let k(b) = 2*b - b**2 + 3 - 1 - b**3 - 3 - b**2. Let x be k(-3). Give z(x).
-8
Let v(k) = -5*k - k - 4*k**2 - 4*k**3 - 2*k**3 - 15. Let z(y) = y**3 + y**2 + y + 3. Let m(q) = 2*v(q) + 11*z(q). Give m(3).
0
Suppose -13 = -m + 3*f, -3*m - 5 = 4*f + 21. Let a = 2 + m. Let n(v) = 4 + a - v**3 - v + 3*v**2 - 1. Calculate n(3).
0
Let h(b) = -2*b - 4. Let w(l) = -3*l - 4. Let c(f) = 4*h(f) - 3*w(f). Let z be c(8). Let n(v) = v**2 + 2 + 2*v - z + v**2. Calculate n(-2).
2
Let s(r) = -r**3 + 5*r**2 - 5*r - 5. Let l(w) = 2*w**3 - 9*w**2 + 9*w + 10. Let b(u) = -4*l(u) - 7*s(u). Let v be (0 - 0)/1*1. What is b(v)?
-5
Let z = 56 + -60. Let b(l) = -l**3 - 2*l**2 + 4*l - 2. What is b(z)?
14
Let a = -11 + 11. Let z(j) = j**2 - j + 21. What is z(a)?
21
Suppose 2*i - 4 = 6*i. Let t(c) be the first derivative of 5*c**3/3 + c**2 + c - 4. Determine t(i).
4
Let l(j) = -j**3 + 5. Let a be -2*(5/2 + -2). Let p = a + 1. Give l(p).
5
Suppose 0 = 9*v + 45 - 18. Let p(u) = -2*u**2 + u. Determine p(v).
-21
Let i(k) = -6*k**3 + 1. Let j be (-6)/(-8) + 21/(-12). What is i(j)?
7
Let r(c) = 0 + 6*c - 8*c + 5 + 4*c. Calculate r(-5).
-5
Let f be 3/(4/(48/9)). Suppose -2*y = -y - f. Suppose u - y = -0*u. Let p(g) = -g**2 + 4*g + 4. What is p(u)?
4
Let q be (-52)/9 - (-2)/(-9). Let h(y) = -5*y**3 - y**2 - 3*y + 5. Let x(g) = -9*g**3 - g**2 - 5*g + 9. Let a(w) = q*x(w) + 11*h(w). Give a(-4).
-3
Let b(g) = -2*g**3 + g**2 - g + 6. Let y(r) = r**3 - 2*r**2 + r - 5. Let v(n) = 2*b(n) + 3*y(n). Let f = -23 - -19. Determine v(f).
-7
Let z(t) = -3*t - 1. Let o be ((-4)/6)/(10/(-45)). Suppose o*h + 0 = -6. What is z(h)?
5
Suppose -b - 3 = -5. Let t(s) = -s**3 - 5*s**2 - s - 3*s**2 + 2 + 4*s**b. Give t(-4).
6
Let a(r) = 366 + r - 7*r**2 - 366. Calculate a(1).
-6
Let i(t) = -5 - t - 4*t + 2 + t**2. Suppose -5*v = -2 - 8. Suppose 2*q = -v*q + 16. Determine i(q).
-7
Let w(g) = 87*g - 166*g + 80*g + 4. What is w(-3)?
1
Let o(c) = -5*c - 1. Let r be o(0). Let f(x) = -3*x**3 + x. Give f(r).
2
Let x(z) be the second derivative of z**4/12 - 5*z**3/6 + z**2/2 - z. Determine x(6).
7
Suppose -2*x = 1 + 3. Let s be 1 - 0 - 6/x. Let l(h) = 6*h**2 - 6*h**2 + 5 - h**3 + 4*h**2. What is l(s)?
5
Let k(o) = -5*o**2 - 9*o - 17. Let w(h) = 3*h**2 + 6*h + 11. Let c(i) = -5*k(i) - 8*w(i). Calculate c(3).
-3
Suppose l = 6*l - 5*t + 40, 3*l - 5*t = -32. Let f(k) = -k**3 - 3*k**2 + 4*k - 4. Calculate f(l).
-4
Let z(d) = -d. Let f(l) = -3*l - 1. Let s(p) = f(p) - 2*z(p). Determine s(-1).
0
Let j be ((-24)/9)/((-2)/6). Let u be (6/4)/3*j. Let w(k) = 21 - 10 - k - 8. Determine w(u).
-1
Let p(h) be the first derivative of -2/3*h**3 - 3*h + 1 - 5/2*h**2. Let o be 4/(-14) + (-125)/175 - 2. What is p(o)?
-6
Let t(b) = -b - 2. Let l be ((-6)/(-4))/((-9)/12). Give t(l).
0
Let a(z) = z - 4. Let y(v) be the third derivative of -v**5/60 - v**4/8 + 2*v**3/3 + v**2. Let r be y(-5). Let q be (-2)/r - (-20)/(-6). What is a(q)?
-7
Suppose -3*a = 2*o, -5*a - 3 - 2 = 5*o. Suppose 2*h = -a*h + 3*s + 35, -4*s = -5*h + 45. Let v(z) = -z**3 + 5*z**2 + 3. Calculate v(h).
3
Let t(x) be the first derivative of -x**4/4 - 5*x**3/3 - 5*x**2/2 - 4*x + 2. Let k = 26 + -30. Determine t(k).
0
Let a be (8/10)/(3/(-15)). Let x(v) be the third derivative of -v**5/60 - 7*v**4/24 - 5*v**3/6 + 3*v**2. Determine x(a).
7
Let k(o) = 5*o**2 + 5*o. Let t(c) = -4*c**2 - 5*c. Suppose -5*l - 7 - 18 = 0. Let g(i) = l*k(i) - 6*t(i). Determine g(6).
-6
Let s(r) be the third derivative of r**6/120 - r**5/20 + r**3/6 - 24*r**2 - r. What is s(3)?
1
Let m(n) = -2*n + 3*n - n - 1 + n**2. Suppose -7*f = -3*f. Calculate m(f).
-1
Let m(g) = -26*g**3 - 11*g - 8. Let r(o) = -17*o**3 - 7*o - 5. Let n = 1 + -6. Let p(j) = n*m(j) + 8*r(j). What is p(1)?
-7
Let b(q) = -q**2 + 6*q - 5. Let t be b(5). Suppose t*k + 12 = -2*k. Let y(d) = -d**2 - 8*d - 4. Determine y(k).
8
Let d(q) = -q**3 + 2*q**2 + 2. Let m be d(2). Let p(l) be the first derivative of 1/2*l**m + 2 - 2*l. Calcul